{"id":1657,"date":"2026-04-27T11:19:05","date_gmt":"2026-04-27T09:19:05","guid":{"rendered":"https:\/\/ckeventsgroup.com\/?post_type=events&#038;p=1657"},"modified":"2026-04-27T11:19:06","modified_gmt":"2026-04-27T09:19:06","slug":"franco-escamilla-en-valencia","status":"publish","type":"events","link":"https:\/\/ckeventsgroup.com\/es\/events\/franco-escamilla-in-valencia\/","title":{"rendered":"Franco Escamilla en Valencia"},"content":{"rendered":"<h3 class=\"wp-block-heading\">Franco Escamilla \u2013 \u201c1995\u201d<\/h3>\n\n\n\n<p>El reconocido comediante mexicano Franco Escamilla, conocido como \u201cEl Amo del Sarcasmo\u201d, regresa al escenario internacional con su nuevo espect\u00e1culo \u201c1995\u201d, una presentaci\u00f3n de stand-up cargada de nostalgia, humor mordaz y an\u00e9cdotas personales que conectan con toda una generaci\u00f3n.<\/p>\n\n\n\n<p>En este nuevo tour, Escamilla invita al p\u00fablico a viajar en el tiempo a una de las d\u00e9cadas m\u00e1s ic\u00f3nicasyde los noventa, explorando con su caracter\u00edstico estilo irreverenteylos acontecimientos, recuerdos y situaciones que definieron esa era. A trav\u00e9s de historias hilarantes, observaciones ingeniosy y giros inesperados, el comediante transforma la nostalgia en una experiencia llena de risas.<\/p>\n\n\n\n<p>Con una mezcla de humor sarc\u00e1stico, reflexiones sobre la vida cada vez m\u00e1sydayy an\u00e9cdotas personales, \u201c1995\u201d ofrece un espect\u00e1culo dynamic que conecta tanto con quienes crecieron en los noventa como con las nuevas generaciones que disfrutan el estilo \u00fanico de Escamillay sty.<\/p>\n\n\n\n<p>Tras conquistar escenarios en Am\u00e9rica y otras partes del mundo, el artista llega ahora a Europa en una gira especial, presentando un espect\u00e1culo \u00edntegramentey en espa\u00f1ol que promete noches inolvidables de comedia y una conexi\u00f3n cercana con el p\u00fablico.y.<\/p>","protected":false},"featured_media":1633,"parent":0,"template":"","meta":{"start-date":1784754000,"end-time":"23:30","link-buy":"https:\/\/lesarts.koobin.com\/es\/francisco-escamilla---1997-20260722-2100","tickets":"","address":"Avda del Professor L\u00f3pez Pi\u00f1ero, n\u00ba 1, 46013 Val\u00e8ncia","youtube-1":"","video-2":""},"countries":[33],"events-categories":[27],"class_list":["post-1657","events","type-events","status-publish","has-post-thumbnail","hentry","countries-spain","events-categories-comedy-2"],"_links":{"self":[{"href":"https:\/\/ckeventsgroup.com\/es\/wp-json\/wp\/v2\/events\/1657","targetHints":{"allow":["GET"]}}],"collection":[{"href":"https:\/\/ckeventsgroup.com\/es\/wp-json\/wp\/v2\/events"}],"about":[{"href":"https:\/\/ckeventsgroup.com\/es\/wp-json\/wp\/v2\/types\/events"}],"wp:featuredmedia":[{"embeddable":true,"href":"https:\/\/ckeventsgroup.com\/es\/wp-json\/wp\/v2\/media\/1633"}],"wp:attachment":[{"href":"https:\/\/ckeventsgroup.com\/es\/wp-json\/wp\/v2\/media?parent=1657"}],"wp:term":[{"taxonomy":"countries","embeddable":true,"href":"https:\/\/ckeventsgroup.com\/es\/wp-json\/wp\/v2\/countries?post=1657"},{"taxonomy":"events-categories","embeddable":true,"href":"https:\/\/ckeventsgroup.com\/es\/wp-json\/wp\/v2\/events-categories?post=1657"}],"curies":[{"name":"wp","href":"https:\/\/api.w.org\/{rel}","templated":true}]}}

<h3 class="wp-block-heading">Franco Escamilla – “1995”</h3>



<p>El reconocido comediante mexicano Franco Escamilla, conocido como “El Amo del Sarcasmo”, regresa al escenario internacional con su nuevo espectáculo “1995”, una presentación de stand-up cargada de nostalgia, humor mordaz y anécdotas personales que conectan con toda una generación.</p>



<p>En este nuevo tour, Escamilla invita al público a viajar en el tiempo a una de las décadas más icónicasyde los noventa, explorando con su característico estilo irreverenteylos acontecimientos, recuerdos y situaciones que definieron esa era. A través de historias hilarantes, observaciones ingeniosy y giros inesperados, el comediante transforma la nostalgia en una experiencia llena de risas.</p>



<p>Con una mezcla de humor sarcástico, reflexiones sobre la vida cada vez másydayy anécdotas personales, “1995” ofrece un espectáculo dynamic que conecta tanto con quienes crecieron en los noventa como con las nuevas generaciones que disfrutan el estilo único de Escamillay sty.</p>



<p>Tras conquistar escenarios en América y otras partes del mundo, el artista llega ahora a Europa en una gira especial, presentando un espectáculo íntegramentey en español que promete noches inolvidables de comedia y una conexión cercana con el público.y.</p>

Avda del Professor López Piñero, nº 1, 46013 València
