{"id":1657,"date":"2026-04-27T11:19:05","date_gmt":"2026-04-27T09:19:05","guid":{"rendered":"https:\/\/ckeventsgroup.com\/?post_type=events&#038;p=1657"},"modified":"2026-04-27T11:19:06","modified_gmt":"2026-04-27T09:19:06","slug":"franco-escamilla-in-valencia","status":"publish","type":"events","link":"https:\/\/ckeventsgroup.com\/de\/events\/franco-escamilla-in-valencia\/","title":{"rendered":"Franco Escamilla in Valencia"},"content":{"rendered":"<h3 class=\"wp-block-heading\">Franco Escamilla \u2013 \u201c1995\u201d<\/h3>\n\n\n\n<p>Der gefeierte mexikanische Komiker Franco Escamilla, bekannt als \u201cDer Meister des Sarkasmus\u201d, kehrt mit seiner neuen Show \u201c1995\u201d auf die internationale B\u00fchne zur\u00fcck. Diese Stand-up-Performance ist voller Nostalgie, bissigem Humor und pers\u00f6nlichen Anekdoten, die eine ganze Generation ansprechen.<\/p>\n\n\n\n<p>Auf dieser neuen Tour l\u00e4dt Escamilla das Publikum ein, in eine der ikonischstenyOhren der Neunziger zur\u00fcckzureisen und mit seinem charakteristischen irreverenten style die Ereignisse, Erinnerungen und Situationen zu erkunden, die diese \u00c4ra definierten. Mit urkomischen Geschichten, witz y Beobachtungen und unerwarteten Wendungen verwandelt der Komiker Nostalgie in ein Erlebnis voller Lachen.<\/p>\n\n\n\n<p>Mit einer Mischung aus sarkastischem Humor, Reflexionen \u00fcber das immerydayLeben und pers\u00f6nlichen Anekdoten bietet \u201c1995\u201d eine dynamische Show, die sowohl bei denjenigen, die in den Neunzigern aufgewachsen sind, als auch bei neuen Generationen Anklang findet, die Escamillas einzigartigen Sty le enjoy.<\/p>\n\n\n\n<p>Nachdem der K\u00fcnstler bereits B\u00fchnen in ganz Amerika und anderen Teilen der Welt erobert hat, kommt er nun auf einer besonderen Tournee nach Europa und pr\u00e4sentiert eine Show kompletty auf Spanisch, die unvergessliche N\u00e4chte voller Lacheny und eine enge Verbindung mit dem Publikum verspricht.<\/p>","protected":false},"featured_media":1633,"parent":0,"template":"","meta":{"start-date":1784754000,"end-time":"23:30","link-buy":"https:\/\/lesarts.koobin.com\/es\/francisco-escamilla---1997-20260722-2100","tickets":"","address":"Avda del Professor L\u00f3pez Pi\u00f1ero, n\u00ba 1, 46013 Val\u00e8ncia","youtube-1":"","video-2":""},"countries":[33],"events-categories":[27],"class_list":["post-1657","events","type-events","status-publish","has-post-thumbnail","hentry","countries-spain","events-categories-comedy-2"],"_links":{"self":[{"href":"https:\/\/ckeventsgroup.com\/de\/wp-json\/wp\/v2\/events\/1657","targetHints":{"allow":["GET"]}}],"collection":[{"href":"https:\/\/ckeventsgroup.com\/de\/wp-json\/wp\/v2\/events"}],"about":[{"href":"https:\/\/ckeventsgroup.com\/de\/wp-json\/wp\/v2\/types\/events"}],"wp:featuredmedia":[{"embeddable":true,"href":"https:\/\/ckeventsgroup.com\/de\/wp-json\/wp\/v2\/media\/1633"}],"wp:attachment":[{"href":"https:\/\/ckeventsgroup.com\/de\/wp-json\/wp\/v2\/media?parent=1657"}],"wp:term":[{"taxonomy":"countries","embeddable":true,"href":"https:\/\/ckeventsgroup.com\/de\/wp-json\/wp\/v2\/countries?post=1657"},{"taxonomy":"events-categories","embeddable":true,"href":"https:\/\/ckeventsgroup.com\/de\/wp-json\/wp\/v2\/events-categories?post=1657"}],"curies":[{"name":"wp","href":"https:\/\/api.w.org\/{rel}","templated":true}]}}

<h3 class="wp-block-heading">Franco Escamilla – “1995”</h3>



<p>Der gefeierte mexikanische Komiker Franco Escamilla, bekannt als “Der Meister des Sarkasmus”, kehrt mit seiner neuen Show “1995” auf die internationale Bühne zurück. Diese Stand-up-Performance ist voller Nostalgie, bissigem Humor und persönlichen Anekdoten, die eine ganze Generation ansprechen.</p>



<p>Auf dieser neuen Tour lädt Escamilla das Publikum ein, in eine der ikonischstenyOhren der Neunziger zurückzureisen und mit seinem charakteristischen irreverenten style die Ereignisse, Erinnerungen und Situationen zu erkunden, die diese Ära definierten. Mit urkomischen Geschichten, witz y Beobachtungen und unerwarteten Wendungen verwandelt der Komiker Nostalgie in ein Erlebnis voller Lachen.</p>



<p>Mit einer Mischung aus sarkastischem Humor, Reflexionen über das immerydayLeben und persönlichen Anekdoten bietet “1995” eine dynamische Show, die sowohl bei denjenigen, die in den Neunzigern aufgewachsen sind, als auch bei neuen Generationen Anklang findet, die Escamillas einzigartigen Sty le enjoy.</p>



<p>Nachdem der Künstler bereits Bühnen in ganz Amerika und anderen Teilen der Welt erobert hat, kommt er nun auf einer besonderen Tournee nach Europa und präsentiert eine Show kompletty auf Spanisch, die unvergessliche Nächte voller Lacheny und eine enge Verbindung mit dem Publikum verspricht.</p>

Avda del Professor López Piñero, nº 1, 46013 València
